i + 4. What are the prime factors of x(3)?
2, 5, 7
What are the prime factors of 1 + (-2 + -2 - -168)?
3, 5, 11
List the prime factors of (14 + -10)/((-2)/40*-2).
2, 5
Suppose 50 = -c + 5*a, 0*c - 75 = 2*c - 5*a. Let d = 42 + c. List the prime factors of d.
17
Let n = -141 + 334. What are the prime factors of n?
193
Let a(m) = -m. Let y be a(-5). Suppose -2*h + 11 = -3*s - 15, -y*h + s + 65 = 0. What are the prime factors of h?
13
Suppose 0 = 5*k + i - 7 - 0, 3*k - 13 = -5*i. Suppose -3*t + 2*t = k. What are the prime factors of t/((-6)/21)*2?
7
Let l(o) = -o**2 + 9*o - 3. List the prime factors of l(7).
11
Let o(t) = t**3 + 6*t**2 + 5*t + 3. Let a be o(-5). Suppose 6*p - 15 = a*p. Suppose -4*f + 11 = -p. List the prime factors of f.
2
Let c(n) = -n**3 - 18*n**2 - 23*n - 25. What are the prime factors of c(-17)?
7, 11
Suppose -5*c = -s - 561, -s = -2*c + 3*s + 210. List the prime factors of c.
113
Let g be 1639/44 + (-2)/8. Suppose 0 = -2*z + g + 31. What are the prime factors of z?
2, 17
Suppose 0 = -a - 0*a. Suppose -4*r + 2*r + 60 = a. What are the prime factors of r?
2, 3, 5
Suppose 1344 = 7*i - 560. List the prime factors of i.
2, 17
Let f = 89 + -64. List the prime factors of f.
5
Let l(t) = 6*t - 1. Let x be l(4). Let y = 55 - x. What are the prime factors of y?
2
Suppose 22*j = 20*j + 122. List the prime factors of j.
61
Let c(z) = -z + 9. Suppose 0*u = -2*u + 5*a + 27, -u - 4*a = 6. Let i be c(u). Suppose 38 = -i*j + 5*j. What are the prime factors of j?
19
Let j be (-1 - -2)/(8/(-264)). Let k = 72 + j. What are the prime factors of k?
3, 13
Suppose 0 = 2*c + 2 + 4. What are the prime factors of (c - 0)/((-9)/42)?
2, 7
Let d(r) be the first derivative of -5*r**4/24 - 2*r**3/3 - r**2/2 + 2. Let h(v) be the second derivative of d(v). What are the prime factors of h(-4)?
2
Suppose 0*m - 11 = -m + f, -3*m = 3*f - 15. Let p = -6 + m. List the prime factors of -4*p/4 - -16.
2, 7
List the prime factors of 12/(-10)*100/(-6).
2, 5
Let i = -196 - -366. What are the prime factors of i?
2, 5, 17
Let i = 144 - 86. What are the prime factors of i?
2, 29
Let g(i) = -i**3 + 6*i**2 - 2. Let k be g(6). Let y = k - -27. List the prime factors of y.
5
Let u(a) = -a + 7. Let r be u(3). Let s be ((-2)/(r/(-2)))/(-1). What are the prime factors of (-166)/(-8) + s/(-4)?
3, 7
Let w = 211 - 88. List the prime factors of w.
3, 41
Suppose -5*d + 0*d = -85. Let q = 6 + 1. Suppose 2*u - 29 = -5*l, 2*l - q*l + d = -4*u. List the prime factors of u.
2
Let c(m) = 3*m**2 - 2*m + 1 + 0*m + 3*m. Suppose -8 = -4*p - 4, 0 = -3*d + 4*p - 7. What are the prime factors of c(d)?
3
Suppose -z + 0*z + 4 = 0. Suppose 2*m + 14 = z*y, m + 22 = 5*y + 3*m. What are the prime factors of y?
2
Suppose -6*y - 121 = -y - s, 2*s = 2. Let b = y + 37. What are the prime factors of b?
13
Suppose g + 3*g = 0. Suppose o + 29 = 3*k, g = 3*o - 0 - 3. What are the prime factors of k?
2, 5
Let n(f) be the second derivative of f**6/360 + f**5/40 - f**4/6 - 3*f. Let m(j) be the third derivative of n(j). List the prime factors of m(4).
11
Suppose -h = -2*h - 4. Let c be h*((-1)/(-1))/(-1). Suppose -c*n + 28 = -0*n. What are the prime factors of n?
7
Let p(b) = 2*b**3 + 4*b**2 - 2*b - 1. What are the prime factors of p(2)?
3
Let d be 2/(-7) - (-48)/21. Suppose 4*u - 107 = d*l - l, -3 = -3*l. Suppose 4*w + 2 = j + u, -16 = -2*w + 4*j. List the prime factors of w.
2, 3
Let p(s) = -s**3 - 7*s**2 - 6*s + 4. Suppose -u + 2*u + 16 = 0. Let o = u - -10. What are the prime factors of p(o)?
2
Let w(t) be the second derivative of -3/2*t**2 + t + 0 + 1/6*t**3. List the prime factors of w(5).
2
What are the prime factors of (-4)/(-8) - 9/(-2)?
5
Let g = 2 + 78. Let s(l) = -l**3 + 4*l**2 + 2. Let n be s(4). Suppose -n*i + g = 3*i. What are the prime factors of i?
2
Suppose -153 - 12 = -3*a. What are the prime factors of a?
5, 11
Let o = -24 - -79. What are the prime factors of o?
5, 11
Suppose -4*p + 4*u = -2*p + 4, 0 = -3*p + 3*u. Let n be 1*(p - 1)*3. Suppose 2*d - 13 = -n*c, 0*d + 2 = d. List the prime factors of c.
3
Suppose -1 = -4*p + 7. Suppose 2*l + 2*u = u - 388, -p*l = 4*u + 400. List the prime factors of (-1)/(-5) + l/(-15).
13
Let c(z) = -5*z - 12. List the prime factors of c(-6).
2, 3
What are the prime factors of (-119)/(-3) + 5/15?
2, 5
Suppose -4*a + 154 + 122 = 0. Suppose 3*h + 0*h - a = 0. List the prime factors of h.
23
Suppose 4 + 32 = 3*r. Let k = -13 - -5. What are the prime factors of 4/r + k/(-3)?
3
Let m(c) = 185*c**3 + 3*c**2 - 5*c + 2. What are the prime factors of m(1)?
5, 37
Let j(b) = -b**2 + 5*b - 4. Let l be j(3). Suppose l*p + 27 = 4*t + 5*p, -5*p = 3*t - 23. Suppose 2 = d - t. What are the prime factors of d?
2
Let k(b) = -7*b**2 - b. Let w be k(-2). Let z = w + 40. What are the prime factors of z?
2, 7
Let y be 0 + -3 + 5 + 37. Let a = 0 + -28. Let z = a + y. What are the prime factors of z?
11
Let r(z) be the third derivative of -z**4/24 + 7*z**3/6 + 2*z**2. Suppose 5*v + 25 = 0, -3*x + 0*v + 10 = v. List the prime factors of r(x).
2
Suppose 0*y + y = -5. Let w(t) = 2*t**2 + 3*t + 7. What are the prime factors of w(y)?
2, 3, 7
Suppose -2*l + 0 + 3 = -i, 3 = -2*l - i. Suppose -2*v + 4*v - 22 = l. Let g = v + -4. What are the prime factors of g?
7
Suppose 0 = -3*v + 4*z + 25, -v - 5*z - 13 = 4. Suppose j - v + 1 = 0. What are the prime factors of j?
2
Let m(q) = 30*q - 5. List the prime factors of m(3).
5, 17
Suppose 2*s - 10 = -3*s. Suppose -10 = -3*j + 5*b + 13, -3*j + 16 = s*b. Let t = j + 1. What are the prime factors of t?
7
Suppose 3*c = 5*c - 110. List the prime factors of c.
5, 11
Let j = -7 + 1. Let o = j - -7. List the prime factors of -1 + (4 - o) - 0.
2
Let s(h) = 2*h**3 + 2*h**2 + 2*h + 3. Let c be s(-3). Let u = c + 79. List the prime factors of u.
2, 5
Let s = -18 - -22. Let i = s + 11. List the prime factors of i.
3, 5
Let y(d) = 5*d - 7. Let z(p) = 11*p - 13. Let r(x) = 9*y(x) - 4*z(x). List the prime factors of r(14).
3
Suppose 0 = q - 6*q + 15. Suppose -5*j - 5*u = 0, -q*u - u = -3*j + 7. What are the prime factors of (1 - 4)/(j/(-3))?
3
Suppose -4*x - 4*i - 20 = -0*i, -5*i - 25 = -3*x. Suppose 4*d - 5*m + 2*m = 47, x = 4*d - 5*m - 41. What are the prime factors of d?
2, 7
Let j be -6*(-3)/(-18)*-3. List the prime factors of (j + -4)*(-45 + 1).
2, 11
Let o(s) = 7*s**3. Let d be (-6 - -3) + 4/2. Let u be o(d). Let h = 4 - u. What are the prime factors of h?
11
Suppose -4*y - y + 2*h + 201 = 0, 0 = 5*y + 4*h - 213. What are the prime factors of y?
41
Let s = 462 - 170. List the prime factors of s.
2, 73
What are the prime factors of (-110)/(-7) + (-6)/(-21)?
2
Suppose -30 = -s - 5*k, 0 = -3*s + k + 30 + 12. Suppose 2*u = -x - 13, -4*x = 2*u + 13 + s. What are the prime factors of (u/(-5))/((-3)/(-45))?
2, 3
Suppose 653 = 3*p - 5*s, 2*s - 1084 = -5*p + 6*s. What are the prime factors of p?
2, 3
Suppose -2*k - 2 = 0, 4*x - 86 - 112 = 2*k. List the prime factors of x.
7
Suppose a = -2*a + 96. What are the prime factors of a?
2
Suppose 2*b - 514 = -3*q - 3*b, 4*b + 795 = 5*q. List the prime factors of q.
163
Let z(k) = 12*k**2 - k. Let d be z(1). Let n = d + -8. Suppose -n*c + 0*c + 15 = 0. List the prime factors of c.
5
Let d(n) = 12*n - 2*n**3 + 3*n**2 + 25 + 3*n**3 - 13*n - n**2. What are the prime factors of d(0)?
5
Suppose -x + 3*j = j + 10, 3*x + 10 = 2*j. Let r be (2 - (x - -4))/(-2). What are the prime factors of (r - 14/4)*-4?
2, 5
Let m be -2 + (0 - (-37 - 0)). Let f = m + -25. Suppose 34 - f = 4*a. List the prime factors of a.
2, 3
Let d(n) = 13*n**3 - 2*n. Let g be d(2). Suppose -q - g = -6*q. Suppose -v - 1 + q = -4*m, 4*m = -4*v + 76. What are the prime factors of v?
19
Let g(q) = q + 5. List the prime factors of g(0).
5
What are the prime factors of -2 + 1 - (3 + -5)*21?
41
Suppose 3 - 4 = -a. Let j be a + 1 - (3 - 2). Suppose -j = b, -4*b - 14 = -4*p - p. List the prime factors of p.
2
Suppose d - 2 = -4. Let m = d + 8. What are the prime factors of m?
2, 3
Let m(k) = k**3 - 7*k**2 + 2. Let r be m(7). Let t(a) = -2 - a**3 - 3*a + a**2 - 5*a**r + 0. What are the prime factors of t(-4)?
2, 5
Suppose -c - 13 = -4*r, -14 = r - 3*r + 2*c. What are the prime factors of r?
2
Let a(o) = o + 6 + 0*o + 7. List the prime factors of a(14).
3
Let n(j) = j**3 +